{"id":118,"date":"2018-11-06T21:14:39","date_gmt":"2018-11-06T21:14:39","guid":{"rendered":"http:\/\/viarnet.org\/?page_id=118"},"modified":"2021-06-03T13:18:13","modified_gmt":"2021-06-03T11:18:13","slug":"politica-de-privacidad","status":"publish","type":"page","link":"https:\/\/viarnet.org\/index.php\/politica-de-privacidad\/","title":{"rendered":"Pol\u00edtica de privacidad"},"content":{"rendered":"<p>El Club Familiar Viar garantiza a todos los usuarios que suministren a trav\u00e9s de esta p\u00e1gina datos de car\u00e1cter personal para acceder a nuestros servicios que as\u00ed lo requieran, la m\u00e1xima confidencialidad y privacidad de sus datos.<\/p>\n<p>El Club Familiar Viar manifiesta su compromiso de cumplir con la legislaci\u00f3n vigente en cada momento en materia de protecci\u00f3n de datos, y a efectos de dar cumplimiento a este compromiso, ha redactado la siguiente Pol\u00edtica de Protecci\u00f3n de Datos, con el fin de que los usuarios determinen libre y voluntariamente qu\u00e9 datos desean suministrar a trav\u00e9s de nuestra web.<\/p>\n<p>El Club Familiar Viar se reserva el derecho a modificar la presente Pol\u00edtica para adecuarla a las novedades legislativas o jurisprudenciales. La nueva redacci\u00f3n se publicar\u00e1 en este mismo site.<\/p>\n<p>La recogida y tratamiento automatizado de los datos personales tiene como finalidades la contestaci\u00f3n a sus consultas o sugerencias; el env\u00edo, por medios tradicionales y electr\u00f3nicos, de informaci\u00f3n sobre nuestros servicios; la valoraci\u00f3n de un puesto de trabajo en el Club Familiar Viar y cualquier otro servicio relacionado con la actividad del Club Familiar Viar que podamos considerar de su inter\u00e9s.<\/p>\n<p>Salvo que espec\u00edficamente se establezca lo contrario, se considerar\u00e1 necesario cumplimentar todos los datos que se solicitan, pues sin ellos el Club Familiar Viar no podr\u00e1 realizar los servicios solicitados por el usuario.<\/p>\n<p>El Club Familiar Viar garantiza la adopci\u00f3n de medidas de \u00edndole t\u00e9cnica y organizativas necesarias para garantizar la confidencialidad, integridad y seguridad de los datos de car\u00e1cter personal que eviten su p\u00e9rdida, alteraci\u00f3n, tratamiento o acceso no autorizado, habida cuenta del estado de la tecnolog\u00eda, la naturaleza de los datos almacenados, siendo consciente el usuario de que la seguridad en Internet no es inexpugnable.<\/p>\n<p>A tales efectos, y en cumplimiento con lo dispuesto en el Real Decreto 1720\/2007, de 21 de diciembre, por el que se aprueba el Reglamento de desarrollo de la Ley Org\u00e1nica 15\/1999, de 13 de diciembre, de protecci\u00f3n de datos de car\u00e1cter personal, el Club Familiar Viar le informa de que ha elaborado el pertinente Documento de Seguridad, donde se contemplan dichas medidas de seguridad y que est\u00e1n obligados a cumplir todas las personas que trabajan para el Club y puedan acceder a los datos personales.<\/p>\n<p>Aquellas personas f\u00edsicas que hayan facilitado sus datos personales al Club, podr\u00e1n solicitar el ejercicio de sus derechos de acceso, rectificaci\u00f3n, cancelaci\u00f3n y oposici\u00f3n dirigi\u00e9ndose por escrito al Club Familiar Viar, calle Barbero de Sevilla n\u00ba1, 41006 Sevilla.<\/p>\n","protected":false},"excerpt":{"rendered":"<p>El Club Familiar Viar garantiza a todos los usuarios que suministren a trav\u00e9s de esta p\u00e1gina datos de car\u00e1cter personal para acceder a nuestros servicios que as\u00ed lo requieran, la [&hellip;]<\/p>\n","protected":false},"author":1,"featured_media":0,"parent":0,"menu_order":93,"comment_status":"closed","ping_status":"closed","template":"","meta":{"ngg_post_thumbnail":0,"footnotes":""},"class_list":["post-118","page","type-page","status-publish","hentry","post"],"yoast_head":"<!-- This site is optimized with the Yoast SEO plugin v27.3 - https:\/\/yoast.com\/product\/yoast-seo-wordpress\/ -->\n<title>Pol\u00edtica de privacidad | Club Familiar VIAR<\/title>\n<meta name=\"description\" content=\"El Club Familiar Viar garantiza a todos los usuarios que suministren a trav\u00e9s de esta p\u00e1gina datos de car\u00e1cter personal para acceder a nuestros servicios\" \/>\n<meta name=\"robots\" content=\"index, follow, max-snippet:-1, max-image-preview:large, max-video-preview:-1\" \/>\n<link rel=\"canonical\" href=\"https:\/\/viarnet.org\/index.php\/politica-de-privacidad\/\" \/>\n<meta property=\"og:locale\" content=\"es_ES\" \/>\n<meta property=\"og:type\" content=\"article\" \/>\n<meta property=\"og:title\" content=\"Pol\u00edtica de privacidad | Club Familiar VIAR\" \/>\n<meta property=\"og:description\" content=\"El Club Familiar Viar garantiza a todos los usuarios que suministren a trav\u00e9s de esta p\u00e1gina datos de car\u00e1cter personal para acceder a nuestros servicios\" \/>\n<meta property=\"og:url\" content=\"https:\/\/viarnet.org\/index.php\/politica-de-privacidad\/\" \/>\n<meta property=\"og:site_name\" content=\"VIAR\" \/>\n<meta property=\"article:modified_time\" content=\"2021-06-03T11:18:13+00:00\" \/>\n<meta name=\"twitter:card\" content=\"summary_large_image\" \/>\n<meta name=\"twitter:label1\" content=\"Tiempo de lectura\" \/>\n\t<meta name=\"twitter:data1\" content=\"2 minutos\" \/>\n<script type=\"application\/ld+json\" class=\"yoast-schema-graph\">{\"@context\":\"https:\\\/\\\/schema.org\",\"@graph\":[{\"@type\":\"WebPage\",\"@id\":\"https:\\\/\\\/viarnet.org\\\/index.php\\\/politica-de-privacidad\\\/\",\"url\":\"https:\\\/\\\/viarnet.org\\\/index.php\\\/politica-de-privacidad\\\/\",\"name\":\"Pol\u00edtica de privacidad | Club Familiar VIAR\",\"isPartOf\":{\"@id\":\"https:\\\/\\\/viarnet.org\\\/#website\"},\"datePublished\":\"2018-11-06T21:14:39+00:00\",\"dateModified\":\"2021-06-03T11:18:13+00:00\",\"description\":\"El Club Familiar Viar garantiza a todos los usuarios que suministren a trav\u00e9s de esta p\u00e1gina datos de car\u00e1cter personal para acceder a nuestros servicios\",\"breadcrumb\":{\"@id\":\"https:\\\/\\\/viarnet.org\\\/index.php\\\/politica-de-privacidad\\\/#breadcrumb\"},\"inLanguage\":\"es\",\"potentialAction\":[{\"@type\":\"ReadAction\",\"target\":[\"https:\\\/\\\/viarnet.org\\\/index.php\\\/politica-de-privacidad\\\/\"]}]},{\"@type\":\"BreadcrumbList\",\"@id\":\"https:\\\/\\\/viarnet.org\\\/index.php\\\/politica-de-privacidad\\\/#breadcrumb\",\"itemListElement\":[{\"@type\":\"ListItem\",\"position\":1,\"name\":\"Portada\",\"item\":\"https:\\\/\\\/viarnet.org\\\/\"},{\"@type\":\"ListItem\",\"position\":2,\"name\":\"Pol\u00edtica de privacidad\"}]},{\"@type\":\"WebSite\",\"@id\":\"https:\\\/\\\/viarnet.org\\\/#website\",\"url\":\"https:\\\/\\\/viarnet.org\\\/\",\"name\":\"VIAR\",\"description\":\"Un centro educativo de car\u00e1cter extraescolar que atuda a las familias en la formaci\u00f3n de sus hijos\",\"publisher\":{\"@id\":\"https:\\\/\\\/viarnet.org\\\/#organization\"},\"potentialAction\":[{\"@type\":\"SearchAction\",\"target\":{\"@type\":\"EntryPoint\",\"urlTemplate\":\"https:\\\/\\\/viarnet.org\\\/?s={search_term_string}\"},\"query-input\":{\"@type\":\"PropertyValueSpecification\",\"valueRequired\":true,\"valueName\":\"search_term_string\"}}],\"inLanguage\":\"es\"},{\"@type\":\"Organization\",\"@id\":\"https:\\\/\\\/viarnet.org\\\/#organization\",\"name\":\"VIAR\",\"url\":\"https:\\\/\\\/viarnet.org\\\/\",\"logo\":{\"@type\":\"ImageObject\",\"inLanguage\":\"es\",\"@id\":\"https:\\\/\\\/viarnet.org\\\/#\\\/schema\\\/logo\\\/image\\\/\",\"url\":\"https:\\\/\\\/viarnet.org\\\/wp-content\\\/uploads\\\/2023\\\/09\\\/LOGO-VIAR-2024.png\",\"contentUrl\":\"https:\\\/\\\/viarnet.org\\\/wp-content\\\/uploads\\\/2023\\\/09\\\/LOGO-VIAR-2024.png\",\"width\":1976,\"height\":1976,\"caption\":\"VIAR\"},\"image\":{\"@id\":\"https:\\\/\\\/viarnet.org\\\/#\\\/schema\\\/logo\\\/image\\\/\"}}]}<\/script>\n<!-- \/ Yoast SEO plugin. -->","yoast_head_json":{"title":"Pol\u00edtica de privacidad | Club Familiar VIAR","description":"El Club Familiar Viar garantiza a todos los usuarios que suministren a trav\u00e9s de esta p\u00e1gina datos de car\u00e1cter personal para acceder a nuestros servicios","robots":{"index":"index","follow":"follow","max-snippet":"max-snippet:-1","max-image-preview":"max-image-preview:large","max-video-preview":"max-video-preview:-1"},"canonical":"https:\/\/viarnet.org\/index.php\/politica-de-privacidad\/","og_locale":"es_ES","og_type":"article","og_title":"Pol\u00edtica de privacidad | Club Familiar VIAR","og_description":"El Club Familiar Viar garantiza a todos los usuarios que suministren a trav\u00e9s de esta p\u00e1gina datos de car\u00e1cter personal para acceder a nuestros servicios","og_url":"https:\/\/viarnet.org\/index.php\/politica-de-privacidad\/","og_site_name":"VIAR","article_modified_time":"2021-06-03T11:18:13+00:00","twitter_card":"summary_large_image","twitter_misc":{"Tiempo de lectura":"2 minutos"},"schema":{"@context":"https:\/\/schema.org","@graph":[{"@type":"WebPage","@id":"https:\/\/viarnet.org\/index.php\/politica-de-privacidad\/","url":"https:\/\/viarnet.org\/index.php\/politica-de-privacidad\/","name":"Pol\u00edtica de privacidad | Club Familiar VIAR","isPartOf":{"@id":"https:\/\/viarnet.org\/#website"},"datePublished":"2018-11-06T21:14:39+00:00","dateModified":"2021-06-03T11:18:13+00:00","description":"El Club Familiar Viar garantiza a todos los usuarios que suministren a trav\u00e9s de esta p\u00e1gina datos de car\u00e1cter personal para acceder a nuestros servicios","breadcrumb":{"@id":"https:\/\/viarnet.org\/index.php\/politica-de-privacidad\/#breadcrumb"},"inLanguage":"es","potentialAction":[{"@type":"ReadAction","target":["https:\/\/viarnet.org\/index.php\/politica-de-privacidad\/"]}]},{"@type":"BreadcrumbList","@id":"https:\/\/viarnet.org\/index.php\/politica-de-privacidad\/#breadcrumb","itemListElement":[{"@type":"ListItem","position":1,"name":"Portada","item":"https:\/\/viarnet.org\/"},{"@type":"ListItem","position":2,"name":"Pol\u00edtica de privacidad"}]},{"@type":"WebSite","@id":"https:\/\/viarnet.org\/#website","url":"https:\/\/viarnet.org\/","name":"VIAR","description":"Un centro educativo de car\u00e1cter extraescolar que atuda a las familias en la formaci\u00f3n de sus hijos","publisher":{"@id":"https:\/\/viarnet.org\/#organization"},"potentialAction":[{"@type":"SearchAction","target":{"@type":"EntryPoint","urlTemplate":"https:\/\/viarnet.org\/?s={search_term_string}"},"query-input":{"@type":"PropertyValueSpecification","valueRequired":true,"valueName":"search_term_string"}}],"inLanguage":"es"},{"@type":"Organization","@id":"https:\/\/viarnet.org\/#organization","name":"VIAR","url":"https:\/\/viarnet.org\/","logo":{"@type":"ImageObject","inLanguage":"es","@id":"https:\/\/viarnet.org\/#\/schema\/logo\/image\/","url":"https:\/\/viarnet.org\/wp-content\/uploads\/2023\/09\/LOGO-VIAR-2024.png","contentUrl":"https:\/\/viarnet.org\/wp-content\/uploads\/2023\/09\/LOGO-VIAR-2024.png","width":1976,"height":1976,"caption":"VIAR"},"image":{"@id":"https:\/\/viarnet.org\/#\/schema\/logo\/image\/"}}]}},"_links":{"self":[{"href":"https:\/\/viarnet.org\/index.php\/wp-json\/wp\/v2\/pages\/118","targetHints":{"allow":["GET"]}}],"collection":[{"href":"https:\/\/viarnet.org\/index.php\/wp-json\/wp\/v2\/pages"}],"about":[{"href":"https:\/\/viarnet.org\/index.php\/wp-json\/wp\/v2\/types\/page"}],"author":[{"embeddable":true,"href":"https:\/\/viarnet.org\/index.php\/wp-json\/wp\/v2\/users\/1"}],"replies":[{"embeddable":true,"href":"https:\/\/viarnet.org\/index.php\/wp-json\/wp\/v2\/comments?post=118"}],"version-history":[{"count":0,"href":"https:\/\/viarnet.org\/index.php\/wp-json\/wp\/v2\/pages\/118\/revisions"}],"wp:attachment":[{"href":"https:\/\/viarnet.org\/index.php\/wp-json\/wp\/v2\/media?parent=118"}],"curies":[{"name":"wp","href":"https:\/\/api.w.org\/{rel}","templated":true}]}}